{"version":"1.0","provider_name":"Pacte Industrial RMB","provider_url":"https:\/\/www.pacteindustrial.org\/ca\/","author_name":"Eduard Nadal","author_url":"https:\/\/www.pacteindustrial.org\/ca\/blog\/author\/eduard-nadalwhads-com\/","title":"Carles Sanz - Pacte Industrial RMB","type":"rich","width":600,"height":338,"html":"<blockquote class=\"wp-embedded-content\"><a href=\"https:\/\/www.pacteindustrial.org\/ca\/fem-xarxa\/carles-sanz\/\">Carles Sanz<\/a><\/blockquote>\n<script type='text\/javascript'>\n<!--\/\/--><![CDATA[\/\/><!--\n\t\t\/*! This file is auto-generated *\/\n\t\t!function(c,d){\"use strict\";var e=!1,n=!1;if(d.querySelector)if(c.addEventListener)e=!0;if(c.wp=c.wp||{},!c.wp.receiveEmbedMessage)if(c.wp.receiveEmbedMessage=function(e){var t=e.data;if(t)if(t.secret||t.message||t.value)if(!\/[^a-zA-Z0-9]\/.test(t.secret)){for(var r,a,i,s=d.querySelectorAll('iframe[data-secret=\"'+t.secret+'\"]'),n=d.querySelectorAll('blockquote[data-secret=\"'+t.secret+'\"]'),o=0;o<n.length;o++)n[o].style.display=\"none\";for(o=0;o<s.length;o++)if(r=s[o],e.source===r.contentWindow){if(r.removeAttribute(\"style\"),\"height\"===t.message){if(1e3<(i=parseInt(t.value,10)))i=1e3;else if(~~i<200)i=200;r.height=i}if(\"link\"===t.message)if(a=d.createElement(\"a\"),i=d.createElement(\"a\"),a.href=r.getAttribute(\"src\"),i.href=t.value,i.host===a.host)if(d.activeElement===r)c.top.location.href=t.value}}},e)c.addEventListener(\"message\",c.wp.receiveEmbedMessage,!1),d.addEventListener(\"DOMContentLoaded\",t,!1),c.addEventListener(\"load\",t,!1);function t(){if(!n){n=!0;for(var e,t,r=-1!==navigator.appVersion.indexOf(\"MSIE 10\"),a=!!navigator.userAgent.match(\/Trident.*rv:11\\.\/),i=d.querySelectorAll(\"iframe.wp-embedded-content\"),s=0;s<i.length;s++){if(!(e=i[s]).getAttribute(\"data-secret\"))t=Math.random().toString(36).substr(2,10),e.src+=\"#?secret=\"+t,e.setAttribute(\"data-secret\",t);if(r||a)(t=e.cloneNode(!0)).removeAttribute(\"security\"),e.parentNode.replaceChild(t,e)}}}}(window,document);\n\/\/--><!]]>\n<\/script><iframe sandbox=\"allow-scripts\" security=\"restricted\" src=\"https:\/\/www.pacteindustrial.org\/ca\/fem-xarxa\/carles-sanz\/embed\/\" width=\"600\" height=\"338\" title=\"&#8220;Carles Sanz&#8221; &#8212; Pacte Industrial RMB\" frameborder=\"0\" marginwidth=\"0\" marginheight=\"0\" scrolling=\"no\" class=\"wp-embedded-content\"><\/iframe>","thumbnail_url":"https:\/\/www.pacteindustrial.org\/wp-content\/uploads\/2019\/07\/Carles-Sanz.png","thumbnail_width":771,"thumbnail_height":771,"description":"Ha desenvolupat tota la seva traject\u00f2ria professional en l\u2019\u00e0mbit de la direcci\u00f3 comercial. Actualment \u00e9s el responsable de l\u2019\u00e0rea de Retail de Caf\u00e8s Novell, c\u00e0rrec que ocupa des de la creaci\u00f3 d\u2019aquesta divisi\u00f3 de negoci. &nbsp; Actualitzaci\u00f3: mar\u00e7 2018. [...]"}

Ha desenvolupat tota la seva trajectòria professional en l’àmbit de la direcció comercial. Actualment és el responsable de l’àrea de Retail de Cafès Novell, càrrec que ocupa des de la creació d’aquesta divisió de negoci. &nbsp; Actualització: març 2018. [...]
